 - 4. Give g(v).
-10
Suppose -15*k = 17 - 137. Let l(u) = u**2 - 7*u - 13. What is l(k)?
-5
Let x(d) = -d**2 + d - 7. Let f be x(0). Let q = 9 + f. Suppose -k - 35 = 3*z - 6*k, 2*k = -2*z - q. Let m(u) = -u**2 - 5*u - 2. Give m(z).
-2
Let o be (-1 + -1)/(4/16). Let w(q) = 1 - 5*q + 8*q - 7*q - 6*q + q**3 + 7*q**2. Calculate w(o).
17
Let r(u) = -34*u - 183. Let i be r(-5). Let d(p) = -p - 22. Determine d(i).
-9
Suppose 0 = -2*x - 3*w + 4, 2*x - 3*x + 3*w + 2 = 0. Let a(l) = -10*l + 0*l + x*l. Let b = -2 - -3. Determine a(b).
-8
Let c(y) = -y**3 - 12*y**2 + 12*y - 9. Suppose x - 2 = -15. Let h be c(x). Let f(i) = -i**2 + 4*i + 2. Give f(h).
2
Let r(q) = -q**3 + 8*q**2 + 8*q + 1. Let z(f) = 2*f**2 + 15*f + 27. Let a be z(-6). Give r(a).
-8
Let l = -1115/2 - -558. Let k(m) be the first derivative of l*m**2 - 2*m + 2. What is k(-6)?
-8
Suppose -2*x + m = -4*m - 16, 2*x + 8 = -m. Let u(c) be the third derivative of c**5/60 + c**4/6 + c**3/2 - 4*c**2. Give u(x).
-1
Suppose -272*v = -271*v. Let m be 1*(-2)/(v - 1/2). Let y(a) = 3*a**2 + 7*a - 6 - a**3 - a**3 + a**3. Give y(m).
6
Let r(w) be the second derivative of w**3/3 - 3*w**2/2 + 5*w - 3. Determine r(-3).
-9
Let u(w) = 19*w + 2. Let v(n) = -9*n - 1. Let k(q) = -2*u(q) - 5*v(q). Calculate k(2).
15
Let g(r) be the third derivative of r**6/120 + r**5/30 - r**4/12 - 36*r**2 + 1. Determine g(-3).
-3
Let k be 352/64*2/(2 + -1). Let i(u) = k*u - 8*u + 2*u + 9*u - 1. Calculate i(-1).
-15
Let w(n) = 9*n**3 - 10*n**3 - 2 + 9*n**2 + 3 - 10*n + 1. What is w(7)?
30
Let a(n) be the third derivative of -1/24*n**4 + 0*n + 0 + 2*n**2 - 7/6*n**3 - 1/60*n**5 - 1/120*n**6. What is a(0)?
-7
Let m(y) = -31*y + 9 + 29*y - 2. What is m(7)?
-7
Let s(a) = a + 10. Let p be 3*(14/(-4) - (-145)/174). Determine s(p).
2
Let o = -40 + 45. Let s(x) = 2*x + 5*x - x + o - 3*x. Give s(4).
17
Let d(w) = -w**2 + 8*w - 6. Suppose -1 = v + 3*j, j + j = 2*v - 6. What is d(v)?
6
Suppose 5*w = w. Let t be 29/(-58)*(1 - 9). Suppose -t*r - 2*v = 14, w*r - r = v + 4. Let b(c) = c**3 + 2*c**2 + 2. Determine b(r).
-7
Let q(g) be the third derivative of 13*g**5/60 + g**3/6 - g**2. Suppose -1 = -21*s + 22*s. What is q(s)?
14
Let t(v) be the first derivative of v**4/4 - v**3 + v**2/2 + 4*v - 1. Suppose 4*x + 0*x - 2*s - 98 = 0, x - 7 = -3*s. Let y = x - 19. What is t(y)?
7
Let u(j) = -12*j - 2*j + 2 + 20*j. Give u(1).
8
Let f(l) = -l**2 + 15*l - 14. Let k be ((-35)/(-49)*-6)/((-2)/7). Determine f(k).
-14
Let f be (-18)/(6/(-3)) + -3. Suppose f*v = 5*v + 13. Let x(a) = -5*a**2 - 2*a + a**3 - v - 2*a**3 + 11. Determine x(-5).
8
Let x(j) be the third derivative of 0 + 0*j + 1/30*j**5 - 29*j**2 - 1/120*j**6 - 1/8*j**4 + 1/3*j**3. Determine x(2).
-4
Let s(b) = -b**3 - 6. Let a be (10 - 10) + (1 - 1). Determine s(a).
-6
Let x(d) = -d**3 + 6*d**2 - d + 5. Let k be 9 + 40/(-8) + 1. Determine x(k).
25
Let y = -10 + 13. Let f(n) = 5*n**3 + 6*n**2 - 3 - y*n - 16*n**3 + 10*n**3. Calculate f(3).
15
Suppose 129 = -5*w + 9. Let z = -30 - w. Let t(f) = -3 - f + 2 + 2. What is t(z)?
7
Let g(f) be the second derivative of -f**3/3 + 7*f**2/2 + 656*f. Let p be (-2)/(-9) - (-38)/(-9). Let n(c) = c - 4. Let y(k) = p*g(k) - 7*n(k). Calculate y(6).
6
Let t(h) be the second derivative of -2*h**3/3 + 8*h**2 + 3*h - 26. Give t(5).
-4
Let w(f) = -f + 4. Suppose 0 = 2*l - 10 - 2. Suppose 0 + l = 2*i. Let x be (-1)/i*-3 + 3. Determine w(x).
0
Let i(g) be the first derivative of -36 + 5*g + 0*g + g**2 + 10. What is i(7)?
19
Let j(b) = b**3 - 3*b**2 + 1. Let s(z) = 2*z**2 - 17*z - 3. Let y be s(9). Suppose 18 = y*o - 0*o. Calculate j(o).
1
Let t(m) = -3*m - 1. Let p be (-6)/15 - 48/5. Let y be 33/22*p/(-3). Suppose 0 = y*b - 7*b + 2. Determine t(b).
-4
Let j(z) = -14*z + 6 - 5 + 3 - 6 + 1. Determine j(-1).
13
Let o be 3/4 - (-8 - (-2098)/240). Let r(y) be the third derivative of 3*y**2 + 0*y + 1/6*y**4 - o*y**6 + 0 + 1/15*y**5 + y**3. Calculate r(5).
1
Let u(d) be the first derivative of -d**4/4 - 4*d**3/3 + 5*d**2/2 - 2*d + 1063. Determine u(-5).
-2
Let d(p) = 0 + 8*p + 0. Suppose 17 + 4 = 3*l - 3*x, 3*l + x = 1. Suppose 0*j - l = 2*j. Give d(j).
-8
Let f(o) = o + 2. Let a be f(2). Let k(p) = -7 + 1 - a - p + 3. What is k(0)?
-7
Let u(r) = r**3 + 5*r**2 + 2*r - 2. Suppose 5*w - 8 = v - 24, -28 = 3*w + 4*v. Let x be u(w). Let m(i) = -i**3 + 8*i**2 - 7*i - 7. Give m(x).
23
Suppose 3*n + n - 3*m - 4 = 0, 16 = -n + 5*m. Let f(a) = 3*a**2 + 3*a - 11*a**2 - a**3 + 6*a**2 - n - a**2. Suppose -r = r + 8. Give f(r).
0
Let z(x) = -6*x + 1. Let u(q) be the first derivative of -2*q**2 - 27*q + 17. Let g be u(-7). Calculate z(g).
-5
Let s(z) = -21*z**2 - 13*z - 2. Let b(t) = 16*t**2 + 12*t + 1. Let q(l) = -4*b(l) - 3*s(l). Determine q(-9).
2
Let i(x) = -x**2 + x + 3. Let q(u) = u**3 + 5*u**2 - 13*u - 41. Let y(a) = 9*i(a) + q(a). What is y(5)?
-9
Let r(k) = -k**3 - k**2 - 1. Suppose -17 = -3*q - 4*b, -3*b = 5*q - 1 - 20. Suppose q*c + 24 = -3*i, -5*c = -3*i - 0*c + 16. Let u = i + 2. What is r(u)?
-1
Let j(s) be the second derivative of s**4/3 + s**2/2 - 107*s. Give j(1).
5
Let k(t) be the first derivative of -t**2/2 - 3*t + 1. Let u(r) = 55*r + 1106. Let m be u(-20). Give k(m).
-9
Let o(t) = 2*t - 1. Let c be 531/(-6) + (3 - 0)/6. Let a = 93 + c. Calculate o(a).
9
Let h(n) be the first derivative of n**4/4 - 5*n**3/3 - 7*n**2/2 + 3*n + 14. Let y be 2 + 0 - -2*2. Calculate h(y).
-3
Let u(x) = -x**2 + 8*x - 4. Suppose 2*l = -y + 40 - 38, l - 5 = -y. What is u(y)?
-4
Suppose 0 = 69*z - 78*z + 9. Let k(p) be the third derivative of 5*p**4/24 + p**3/6 - p**2. Determine k(z).
6
Let d(r) = -9*r**2. Let y be -4 - (-4 + 5)*-14. Let g(c) = c**3 - 10*c**2 + c - 11. Let m be g(y). Calculate d(m).
-9
Let k(y) = -5 - 102*y + 46*y + 1 + 52*y. Let v(x) = x + 1. Let g(s) = k(s) + 5*v(s). Calculate g(4).
5
Let o be (-14)/(-35) - (-27)/(-5). Let n(h) be the first derivative of 3*h**2/2 + 6*h + 61. What is n(o)?
-9
Let c(g) = 2*g**2 + 2*g - 8. Let n(w) = 2*w**2 + 101*w + 682. Let h be n(-8). Give c(h).
4
Let c(w) = -w**3 - 4*w**2 + 6*w + 6. Let q = -20 - -26. Suppose -a + q = a. Suppose -15 = a*d + 5*o + 5, 5*d - 4*o = -21. What is c(d)?
1
Suppose 2*t - 157 = -4*g - 3*t, 5*g + t = 170. Suppose -2 = 2*d + 5*j + g, -3*d - j - 20 = 0. Let q(n) = n - 2. What is q(d)?
-7
Suppose 0 = -o + 5, -2*o + 10 = 3*c - 12. Suppose 0 = 2*u - 4*u + 8. Let f = c - u. Let s(b) = b + 2. Calculate s(f).
2
Let t(u) = u**2 + 6*u - 2. Let n(z) = -z**2 + 26*z + 21. Let j(x) = -3*x**2 - 23*x - 13. Let s be j(-5). Let i be n(s). Determine t(i).
-2
Let m be 1/(-3)*(351/60 - 6). Let j(i) be the second derivative of m*i**5 + 1/12*i**4 - 1/6*i**3 + 1/2*i**2 - 5*i + 0. Determine j(0).
1
Let y(l) be the third derivative of l**7/840 + l**6/45 + 3*l**5/40 + l**4/3 + 3*l**3/2 - 7*l**2. Let o(p) be the first derivative of y(p). Calculate o(-7).
-6
Let v(u) = -u**3 + 14*u**2 + 4. Let m(i) = i**3 - 10*i**2 - i - 4. Let b(x) = 4*m(x) + 3*v(x). Calculate b(-4).
-20
Let f(t) = -11*t + 18. Let z(h) = 7*h - 12. Let u(w) = -5*f(w) - 8*z(w). Suppose 5*j = -p - 4*p + 305, 2*p - 3*j = 137. Let a be 3/5 - p/(-10). Determine u(a).
-1
Let l(d) = -10*d**2 + 3*d + 3. Let h(z) = 9*z**2 - 3*z - 2. Let p(j) = 4*h(j) + 3*l(j). Calculate p(2).
19
Let d(j) be the first derivative of j**3 + j**2/2 - j - 210. Let g = -1 + 2. What is d(g)?
3
Let m(o) = -o**2 + 16*o - 43. Let b be m(13). Let p(y) = -y**2 - 5*y + 1. Determine p(b).
5
Let s(v) be the third derivative of v**6/120 + v**5/30 - v**4/4 - v**3/2 + 12*v**2 - 3. Calculate s(-4).
-11
Let z(j) be the third derivative of -j**5/60 + 3*j**4/8 - j**3 - 396*j**2. Calculate z(7).
8
Let d be 12/30 - (-24)/15. Let g(f) = 6*f + 4. Let k(p) = p + 1. Suppose 0*h - 22 = 2*h. Let c(j) = d*g(j) + h*k(j). Calculate c(-4).
-7
Let q be (0 + -3 - -4) + -2. Let f be q + -1 - (-1 - 2). Let s(w) = -w + 1. Determine s(f).
0
Suppose -1 = g, -2*m - g + 5 = m. Let l(f) = 3 - 3 + 2 + m*f. Determine l(6).
14
Let t(o) = -o**3 - 5*o**2 - o + 4. Let p = 44 - 59. Let b be 12/15*p/(0 + 3). Calculate t(b).
-8
Let q(d) = -d + 8. Let i be 0*((-1)/9 - (-36)/(-162)). Give q(i).
8
Let h = -1653 + 1653. Let u(g) be the third derivative of -1/24*g**4 + 6*g**2 + 0*g + g**3 + h. What is u(7)?
-1
Let k(q) = 2*q**2 - q - 3. Let a = -25 - -37. Let p be 15